{"id":254,"date":"2023-01-16T17:25:56","date_gmt":"2023-01-16T17:25:56","guid":{"rendered":"https:\/\/johnnyscoffee.cl\/web\/?post_type=product&#038;p=254"},"modified":"2023-05-15T16:19:17","modified_gmt":"2023-05-15T16:19:17","slug":"curso-barista-total","status":"publish","type":"product","link":"https:\/\/johnnyscoffee.cl\/web\/producto\/curso-barista-total\/","title":{"rendered":"Curso Barista Total"},"content":{"rendered":"<p>Nuestra bebida favorita, en su forma m\u00e1s simple, es la mezcla de granos de caf\u00e9 molidos con agua. Y lo que determina su buen sabor, ya sea que obtengamos un caf\u00e9 dulce, complejo y balanceado, o un caf\u00e9 \u00e1cido o amargo, depende de dos cosas: la calidad del caf\u00e9 y el agua, y la forma en que los combinamos. Este \u00faltimo elemento puede requerir de mucha elaboraci\u00f3n: el\u00a0tama\u00f1o de la molienda, tiempo de preparaci\u00f3n,\u00a0temperatura del agua, el\u00a0m\u00e9todo de preparaci\u00f3n\u00a0y otros procesos que impactar\u00e1n nuestra taza final.<\/p>\n<p>Este curso es para ti aprende todo lo relacionado al caf\u00e9, trabajar como barista e incluso emprender.<\/p>\n<p>[elementor-template id=&#8221;143&#8243;]<\/p>\n","protected":false},"excerpt":{"rendered":"<p>Nuestra bebida favorita, en su forma m\u00e1s simple, es la mezcla de granos de caf\u00e9 molidos con agua.<\/p>\n","protected":false},"featured_media":387,"template":"","meta":[],"product_cat":[35],"product_tag":[],"class_list":["post-254","product","type-product","status-publish","has-post-thumbnail","hentry","product_cat-cursos-capacitaciones-y-asesorias"],"_links":{"self":[{"href":"https:\/\/johnnyscoffee.cl\/web\/wp-json\/wp\/v2\/product\/254","targetHints":{"allow":["GET"]}}],"collection":[{"href":"https:\/\/johnnyscoffee.cl\/web\/wp-json\/wp\/v2\/product"}],"about":[{"href":"https:\/\/johnnyscoffee.cl\/web\/wp-json\/wp\/v2\/types\/product"}],"wp:featuredmedia":[{"embeddable":true,"href":"https:\/\/johnnyscoffee.cl\/web\/wp-json\/wp\/v2\/media\/387"}],"wp:attachment":[{"href":"https:\/\/johnnyscoffee.cl\/web\/wp-json\/wp\/v2\/media?parent=254"}],"wp:term":[{"taxonomy":"product_cat","embeddable":true,"href":"https:\/\/johnnyscoffee.cl\/web\/wp-json\/wp\/v2\/product_cat?post=254"},{"taxonomy":"product_tag","embeddable":true,"href":"https:\/\/johnnyscoffee.cl\/web\/wp-json\/wp\/v2\/product_tag?post=254"}],"curies":[{"name":"wp","href":"https:\/\/api.w.org\/{rel}","templated":true}]}}